est common divisor of 403 and 26.
13
Calculate the highest common factor of 41 and 257.
1
What is the greatest common factor of 6201 and 26?
13
Calculate the greatest common factor of 18 and 15978.
6
Calculate the highest common divisor of 3731 and 39.
13
Calculate the greatest common divisor of 580 and 40.
20
Calculate the greatest common factor of 8 and 12.
4
Calculate the highest common divisor of 252 and 140.
28
What is the highest common divisor of 129 and 21629?
43
Calculate the highest common factor of 2 and 101.
1
Calculate the highest common factor of 216 and 27.
27
What is the highest common divisor of 76604 and 44?
44
What is the greatest common divisor of 1974 and 63?
21
What is the highest common factor of 2740 and 20?
20
Calculate the highest common divisor of 1083 and 285.
57
Calculate the highest common divisor of 80 and 2000.
80
Calculate the highest common factor of 2225 and 267.
89
What is the greatest common factor of 51 and 68?
17
What is the highest common divisor of 8 and 58?
2
Calculate the highest common divisor of 336 and 1488.
48
Calculate the highest common divisor of 336 and 399.
21
What is the greatest common factor of 59 and 59?
59
What is the greatest common divisor of 52 and 1066?
26
What is the highest common divisor of 9 and 1782?
9
Calculate the highest common divisor of 36 and 5088.
12
What is the highest common divisor of 24 and 7048?
8
Calculate the greatest common factor of 77 and 693.
77
What is the highest common factor of 154 and 2233?
77
What is the greatest common divisor of 81 and 216?
27
What is the greatest common divisor of 66 and 9174?
66
Calculate the greatest common divisor of 34 and 6.
2
What is the highest common factor of 5226 and 67?
67
Calculate the highest common divisor of 70 and 30275.
35
Calculate the highest common divisor of 342 and 114.
114
What is the greatest common factor of 8 and 6836?
4
Calculate the greatest common divisor of 1582 and 339.
113
What is the greatest common factor of 9835 and 5?
5
What is the greatest common factor of 126 and 13251?
21
What is the greatest common factor of 800 and 25?
25
Calculate the greatest common divisor of 28 and 266.
14
Calculate the highest common factor of 95 and 38.
19
Calculate the greatest common factor of 23 and 1909.
23
Calculate the greatest common divisor of 95 and 95.
95
Calculate the greatest common factor of 96 and 4344.
24
Calculate the greatest common divisor of 15380 and 40.
20
Calculate the highest common divisor of 3305 and 5.
5
What is the greatest common divisor of 36 and 18432?
36
What is the greatest common divisor of 165 and 1430?
55
What is the highest common divisor of 9 and 72?
9
Calculate the greatest common divisor of 290 and 68150.
290
Calculate the greatest common divisor of 305 and 122.
61
What is the highest common divisor of 9688 and 173?
173
What is the highest common divisor of 259 and 37?
37
What is the greatest common divisor of 330 and 66?
66
What is the greatest common factor of 51 and 6?
3
What is the greatest common divisor of 80 and 2060?
20
Calculate the greatest common factor of 242 and 11.
11
Calculate the highest common factor of 8 and 38312.
8
What is the greatest common divisor of 296 and 814?
74
Calculate the highest common factor of 50 and 35.
5
Calculate the highest common divisor of 15 and 45.
15
Calculate the highest common divisor of 184 and 207.
23
What is the greatest common factor of 3852 and 36?
36
Calculate the greatest common factor of 15 and 6.
3
Calculate the greatest common divisor of 128 and 64.
64
Calculate the greatest common factor of 24 and 216.
24
What is the highest common divisor of 60 and 1060?
20
Calculate the highest common factor of 43 and 731.
43
What is the greatest common factor of 153 and 9?
9
What is the highest common factor of 8858 and 602?
86
Calculate the greatest common factor of 189 and 693.
63
Calculate the greatest common divisor of 58 and 4.
2
What is the greatest common factor of 8626 and 190?
38
What is the highest common factor of 69 and 1219?
23
What is the greatest common factor of 264 and 48?
24
Calculate the highest common factor of 325 and 225.
25
Calculate the highest common divisor of 108 and 2148.
12
Calculate the greatest common divisor of 60 and 116.
4
What is the greatest common divisor of 126 and 468?
18
Calculate the highest common divisor of 272 and 64.
16
Calculate the greatest common divisor of 285 and 57.
57
What is the greatest common factor of 6385 and 5?
5
What is the highest common divisor of 2299 and 19?
19
Calculate the highest common divisor of 496 and 16.
16
Calculate the highest common divisor of 201 and 60.
3
What is the greatest common factor of 55 and 23155?
55
What is the highest common divisor of 884 and 2074?
34
What is the highest common divisor of 707 and 287?
7
What is the greatest common factor of 15 and 375?
15
Calculate the greatest common factor of 372 and 1891.
31
What is the greatest common divisor of 315 and 70?
35
What is the highest common factor of 174 and 12?
6
Calculate the highest common factor of 6328 and 280.
56
What is the greatest common factor of 3 and 933?
3
What is the highest common divisor of 451 and 88?
11
What is the greatest common factor of 114 and 2622?
114
Calculate the highest common divisor of 52 and 182.
26
What is the greatest common divisor of 4108 and 260?
52
Calculate the greatest common factor of 13075 and 175.
25
What is the greatest common factor of 8 and 40?
8
Calculate the greatest common factor of 57 and 4142.
19
What is the highest common factor of 247 and 76?
19
What is the highest common divisor of 30405 and 30?
15
What is the highest common divisor of 115 and 8395?
115
Calculate the greatest common factor of 6 and 21.
3
Calculate the highest common divisor of 7519 and 73.
73
What is the greatest common factor of 20 and 260?
20
What is the greatest common factor of 16 and 70?
2
Calculate the greatest common divisor of 306 and 36.
18
Calculate the greatest common factor of 2071 and 19.
19
What is the highest common factor of 2975 and 476?
119
Calculate the greatest common divisor of 6200 and 465.
155
Calculate the highest common divisor of 171 and 6897.
57
Calculate the highest common factor of 15 and 75.
15
Calculate the highest common factor of 14873 and 107.
107
Calculate the highest common factor of 6741 and 126.
63
Calculate the highest common factor of 2685 and 15.
15
Calculate the highest common factor of 16 and 56.
8
Calculate the highest common divisor of 21 and 525.
21
Calculate the highest common factor of 286 and 374.
22
Calculate the greatest common divisor of 4 and 284.
4
Calculate the greatest common factor of 591 and 3.
3
Calculate the greatest common divisor of 124 and 2356.
124
What is the highest common factor of 76 and 64?
4
Calculate the highest common divisor of 495 and 90.
45
What is the greatest common divisor of 740 and 40?
20
Calculate the greatest common divisor of 21108 and 72.
12
Calculate the greatest common factor of 108 and 3924.
36
Calculate the highest common divisor of 42 and 4074.
42
What is the highest common divisor of 468 and 18486?
234
Calculate the highest common divisor of 171 and 57.
57
Calculate the greatest common divisor of 12 and 180.
12
Calculate the greatest common factor of 620 and 40.
20
Calculate the greatest common factor of 196 and 112.
28
What is the greatest common divisor of 60 and 750?
30
What is the highest common factor of 120 and 420?
60
What is the greatest common divisor of 230 and 70?
10
Calculate the highest common factor of 10085 and 5.
5
Calculate the highest common factor of 130 and 104.
26
Calculate the greatest common factor of 504 and 315.
63
Calculate the greatest common factor of 32 and 16.
16
What is the greatest common factor of 232 and 8381?
29
What is the highest common factor of 2889 and 107?
107
What is the highest common divisor of 187 and 1?
1
What is the greatest common divisor of 104 and 10868?
52
What is the greatest common factor of 168 and 192?
24
Calculate the greatest common factor of 835 and 1002.
167
Calculate the greatest common factor of 133 and 19.
19
What is the greatest common factor of 323 and 38?
19
Calculate the greatest common factor of 6 and 489.
3
Calculate the highest